{"id":1240,"date":"2023-01-05T21:42:25","date_gmt":"2023-01-06T00:42:25","guid":{"rendered":"http:\/\/testeformula.kinghost.net\/acv\/?page_id=1240"},"modified":"2023-01-06T12:30:15","modified_gmt":"2023-01-06T15:30:15","slug":"politica-de-cookies","status":"publish","type":"page","link":"http:\/\/testeformula.kinghost.net\/acv\/politica-de-cookies\/","title":{"rendered":"Pol\u00edtica de Cookies"},"content":{"rendered":"\t\t<div data-elementor-type=\"wp-page\" data-elementor-id=\"1240\" class=\"elementor elementor-1240\" data-elementor-post-type=\"page\">\n\t\t\t\t\t\t\t\t\t<section class=\"elementor-section elementor-top-section elementor-element elementor-element-ec911b9 elementor-section-height-min-height elementor-section-boxed elementor-section-height-default elementor-section-items-middle\" data-id=\"ec911b9\" data-element_type=\"section\" data-settings=\"{&quot;background_background&quot;:&quot;classic&quot;}\">\n\t\t\t\t\t\t\t<div class=\"elementor-background-overlay\"><\/div>\n\t\t\t\t\t\t\t<div class=\"elementor-container elementor-column-gap-default\">\n\t\t\t\t\t<div class=\"elementor-column elementor-col-100 elementor-top-column elementor-element elementor-element-11d435d\" data-id=\"11d435d\" data-element_type=\"column\">\n\t\t\t<div class=\"elementor-widget-wrap elementor-element-populated\">\n\t\t\t\t\t\t\t\t<div class=\"elementor-element elementor-element-632b304 elementor-widget elementor-widget-heading\" data-id=\"632b304\" data-element_type=\"widget\" data-widget_type=\"heading.default\">\n\t\t\t\t<div class=\"elementor-widget-container\">\n\t\t\t<style>\/*! elementor - v3.15.0 - 20-08-2023 *\/\n.elementor-heading-title{padding:0;margin:0;line-height:1}.elementor-widget-heading .elementor-heading-title[class*=elementor-size-]>a{color:inherit;font-size:inherit;line-height:inherit}.elementor-widget-heading .elementor-heading-title.elementor-size-small{font-size:15px}.elementor-widget-heading .elementor-heading-title.elementor-size-medium{font-size:19px}.elementor-widget-heading .elementor-heading-title.elementor-size-large{font-size:29px}.elementor-widget-heading .elementor-heading-title.elementor-size-xl{font-size:39px}.elementor-widget-heading .elementor-heading-title.elementor-size-xxl{font-size:59px}<\/style><h2 class=\"elementor-heading-title elementor-size-default\">Pol\u00edtica de <b>Cookies<\/b><\/h2>\t\t<\/div>\n\t\t\t\t<\/div>\n\t\t\t\t\t<\/div>\n\t\t<\/div>\n\t\t\t\t\t\t\t<\/div>\n\t\t<\/section>\n\t\t\t\t<section class=\"elementor-section elementor-top-section elementor-element elementor-element-9444c1c elementor-section-boxed elementor-section-height-default elementor-section-height-default\" data-id=\"9444c1c\" data-element_type=\"section\">\n\t\t\t\t\t\t<div class=\"elementor-container elementor-column-gap-default\">\n\t\t\t\t\t<div class=\"elementor-column elementor-col-100 elementor-top-column elementor-element elementor-element-7491dbc\" data-id=\"7491dbc\" data-element_type=\"column\">\n\t\t\t<div class=\"elementor-widget-wrap elementor-element-populated\">\n\t\t\t\t\t\t\t\t<div class=\"elementor-element elementor-element-6b817b1 elementor-widget elementor-widget-text-editor\" data-id=\"6b817b1\" data-element_type=\"widget\" data-widget_type=\"text-editor.default\">\n\t\t\t\t<div class=\"elementor-widget-container\">\n\t\t\t<style>\/*! elementor - v3.15.0 - 20-08-2023 *\/\n.elementor-widget-text-editor.elementor-drop-cap-view-stacked .elementor-drop-cap{background-color:#69727d;color:#fff}.elementor-widget-text-editor.elementor-drop-cap-view-framed .elementor-drop-cap{color:#69727d;border:3px solid;background-color:transparent}.elementor-widget-text-editor:not(.elementor-drop-cap-view-default) .elementor-drop-cap{margin-top:8px}.elementor-widget-text-editor:not(.elementor-drop-cap-view-default) .elementor-drop-cap-letter{width:1em;height:1em}.elementor-widget-text-editor .elementor-drop-cap{float:left;text-align:center;line-height:1;font-size:50px}.elementor-widget-text-editor .elementor-drop-cap-letter{display:inline-block}<\/style>\t\t\t\t<h4><strong>O que s\u00e3o cookies?<\/strong><\/h4>\n<p>Cookies s\u00e3o arquivos salvos em seu computador, tablet ou telefone quando voc\u00ea visita um site. Usamos os cookies necess\u00e1rios para fazer o site funcionar da melhor forma poss\u00edvel e sempre aprimorar os nossos servi\u00e7os.<\/p>\n<p>Alguns cookies s\u00e3o classificados como necess\u00e1rios e permitem a funcionalidade central, como seguran\u00e7a, gerenciamento de rede e acessibilidade. Estes cookies podem ser coletados e armazenados assim que voc\u00ea inicia sua navega\u00e7\u00e3o ou quando usa algum recurso que os requer.<\/p>\n<h4><strong>Cookies Prim\u00e1rios<\/strong><\/h4>\n<p>Alguns cookies ser\u00e3o colocados em seu dispositivo diretamente pelo nosso site &#8211; s\u00e3o conhecidos como cookies prim\u00e1rios. Eles s\u00e3o essenciais para voc\u00ea navegar no site e usar seus recursos.<\/p>\n<p><strong>Tempor\u00e1rios &#8211;&nbsp;<\/strong>N\u00f3s utilizamos cookies de sess\u00e3o. Eles s\u00e3o tempor\u00e1rios e expiram quando voc\u00ea fecha o navegador ou quando a sess\u00e3o termina.<\/p>\n<p><strong>Finalidade &#8211;&nbsp;<\/strong>Estabelecer controle de idioma e seguran\u00e7a ao tempo da sess\u00e3o.<\/p>\n<h4><strong>Persistentes<\/strong><\/h4>\n<p>Utilizamos tamb\u00e9m cookies persistentes que permanecem em seu disco r\u00edgido at\u00e9 que voc\u00ea os apague ou seu navegador o fa\u00e7a, dependendo da data de expira\u00e7\u00e3o do cookie. Todos os cookies persistentes t\u00eam uma data de expira\u00e7\u00e3o gravada em seu c\u00f3digo, mas sua dura\u00e7\u00e3o pode variar.<\/p>\n<p><strong>Finalidade &#8211;&nbsp;<\/strong>Coletam e armazenam a ci\u00eancia sobre o uso de cookies no site.<\/p>\n<h4><strong>Cookies de Terceiros<\/strong><\/h4>\n<p>Outros cookies s\u00e3o colocados no seu dispositivo n\u00e3o pelo site que voc\u00ea est\u00e1 visitando, mas por terceiros, como, por exemplo, os sistemas anal\u00edticos.<\/p>\n<p><strong>Tempor\u00e1rios &#8211;&nbsp;<\/strong>N\u00f3s utilizamos cookies de sess\u00e3o. Eles s\u00e3o tempor\u00e1rios e expiram quando voc\u00ea fecha o navegador ou quando a sess\u00e3o termina.<\/p>\n<p><strong>Finalidade &#8211;&nbsp;<\/strong>Coletam informa\u00e7\u00f5es sobre como voc\u00ea usa o site, como as p\u00e1ginas que voc\u00ea visitou e os links em que clicou. Nenhuma dessas informa\u00e7\u00f5es pode ser usada para identific\u00e1-lo. Seu \u00fanico objetivo \u00e9 possibilitar an\u00e1lises e melhorar as fun\u00e7\u00f5es do site.<\/p>\n<h4><strong>Persistentes<\/strong><\/h4>\n<p>Utilizamos tamb\u00e9m cookies persistentes que permanecem em seu disco r\u00edgido at\u00e9 que voc\u00ea os apague ou seu navegador o fa\u00e7a, dependendo da data de expira\u00e7\u00e3o do cookie. Todos os cookies persistentes t\u00eam uma data de expira\u00e7\u00e3o gravada em seu c\u00f3digo, mas sua dura\u00e7\u00e3o pode variar.<\/p>\n<p><strong>Finalidade &#8211;&nbsp;<\/strong>Coletam informa\u00e7\u00f5es sobre como voc\u00ea usa o site, como as p\u00e1ginas que voc\u00ea visitou e os links em que clicou. Nenhuma dessas informa\u00e7\u00f5es pode ser usada para identific\u00e1-lo. Seu \u00fanico objetivo \u00e9 possibilitar an\u00e1lises e melhorar as fun\u00e7\u00f5es do site.<\/p>\n<p>Voc\u00ea pode desabilit\u00e1-los alterando as configura\u00e7\u00f5es do seu navegador, mas saiba que isso pode afetar o funcionamento do site.<\/p>\n<p><a title=\"Link para o site do Suporte Google, abrir\u00e1 em uma nova p\u00e1gina\" href=\"https:\/\/support.google.com\/chrome\/answer\/95647?co=GENIE.Platform%3DDesktop&amp;hl=pt-BR\" target=\"_blank\" rel=\"noopener\">Chrome<\/a><br><a title=\"Link para o site Suporte Mozilla, abrir\u00e1 em uma nova p\u00e1gina\" href=\"https:\/\/support.mozilla.org\/pt-BR\/kb\/desative-cookies-terceiros-impedir-rastreamento\" target=\"_blank\" rel=\"noopener\">Firefox<\/a><br><a title=\"Link para o site Suporte Microsoft, abrir\u00e1 em uma nova p\u00e1gina\" href=\"https:\/\/support.microsoft.com\/pt-br\/help\/4027947\/microsoft-edge-delete-cookies\" target=\"_blank\" rel=\"noopener\">Microsoft Edge<\/a><br><a title=\"Link para o site Suporte Microsoft, abrir\u00e1 em uma nova p\u00e1gina\" href=\"https:\/\/support.microsoft.com\/pt-br\/help\/17442\/windows-internet-explorer-delete-manage-cookies\" target=\"_blank\" rel=\"noopener\">Internet Explorer<\/a><\/p>\t\t\t\t\t\t<\/div>\n\t\t\t\t<\/div>\n\t\t\t\t\t<\/div>\n\t\t<\/div>\n\t\t\t\t\t\t\t<\/div>\n\t\t<\/section>\n\t\t\t\t\t\t\t<\/div>\n\t\t","protected":false},"excerpt":{"rendered":"<p>Pol\u00edtica de Cookies O que s\u00e3o cookies? Cookies s\u00e3o arquivos salvos em seu computador, tablet ou telefone quando voc\u00ea visita um site. Usamos os cookies necess\u00e1rios para fazer o site funcionar da melhor forma poss\u00edvel e sempre aprimorar os nossos servi\u00e7os. Alguns cookies s\u00e3o classificados como necess\u00e1rios e permitem a funcionalidade central, como seguran\u00e7a, gerenciamento &hellip;<\/p>\n<p class=\"read-more\"> <a class=\"\" href=\"http:\/\/testeformula.kinghost.net\/acv\/politica-de-cookies\/\"> <span class=\"screen-reader-text\">Pol\u00edtica de Cookies<\/span> Leia mais &raquo;<\/a><\/p>\n","protected":false},"author":1,"featured_media":0,"parent":0,"menu_order":0,"comment_status":"closed","ping_status":"closed","template":"","meta":{"site-sidebar-layout":"no-sidebar","site-content-layout":"page-builder","ast-global-header-display":"","ast-main-header-display":"","ast-hfb-above-header-display":"","ast-hfb-below-header-display":"","ast-hfb-mobile-header-display":"","site-post-title":"disabled","ast-breadcrumbs-content":"","ast-featured-img":"disabled","footer-sml-layout":"","theme-transparent-header-meta":"","adv-header-id-meta":"","stick-header-meta":"","header-above-stick-meta":"","header-main-stick-meta":"","header-below-stick-meta":"","footnotes":""},"class_list":["post-1240","page","type-page","status-publish","hentry"],"_links":{"self":[{"href":"http:\/\/testeformula.kinghost.net\/acv\/wp-json\/wp\/v2\/pages\/1240","targetHints":{"allow":["GET"]}}],"collection":[{"href":"http:\/\/testeformula.kinghost.net\/acv\/wp-json\/wp\/v2\/pages"}],"about":[{"href":"http:\/\/testeformula.kinghost.net\/acv\/wp-json\/wp\/v2\/types\/page"}],"author":[{"embeddable":true,"href":"http:\/\/testeformula.kinghost.net\/acv\/wp-json\/wp\/v2\/users\/1"}],"replies":[{"embeddable":true,"href":"http:\/\/testeformula.kinghost.net\/acv\/wp-json\/wp\/v2\/comments?post=1240"}],"version-history":[{"count":10,"href":"http:\/\/testeformula.kinghost.net\/acv\/wp-json\/wp\/v2\/pages\/1240\/revisions"}],"predecessor-version":[{"id":1261,"href":"http:\/\/testeformula.kinghost.net\/acv\/wp-json\/wp\/v2\/pages\/1240\/revisions\/1261"}],"wp:attachment":[{"href":"http:\/\/testeformula.kinghost.net\/acv\/wp-json\/wp\/v2\/media?parent=1240"}],"curies":[{"name":"wp","href":"https:\/\/api.w.org\/{rel}","templated":true}]}}